{"id":215,"date":"2016-09-19T14:16:43","date_gmt":"2016-09-19T14:16:43","guid":{"rendered":"http:\/\/palmerasmarmenor.com\/?page_id=215"},"modified":"2023-02-17T11:40:29","modified_gmt":"2023-02-17T11:40:29","slug":"our-services","status":"publish","type":"page","link":"https:\/\/palmerasmarmenor.com\/index.php\/our-services\/","title":{"rendered":"Nuestros servicios"},"content":{"rendered":"<p>[vc_row][vc_column]<div class=\"sc_section margin_bottom_large\"><div class=\"sc_section_inner\"><h2 class=\"sc_section_title sc_item_title sc_item_title_without_descr\">Soluciones integrales para tu jard\u00edn<\/h2><h6 class=\"sc_section_subtitle sc_item_subtitle\">Servicios<\/h6><div class=\"sc_section_content_wrap\">[vc_column_text]<\/p>\n<p style=\"text-align: center;\">Algunos jardines son solo para fines ornamentales, mientras que otros jardines tambi\u00e9n producen cultivos con el fin de alimentarnos, a veces en \u00e1reas separadas o, a veces, entremezclados con las plantas ornamentales. La jardiner\u00eda, la poda y el mantenimiento constante son nuestros recursos para alcanzar su prop\u00f3sito (disfrutar de un pasatiempo, hacer un peque\u00f1o huerto, cuidar de sus palmeras, instalar su nuevo c\u00e9sped o lo que se le ocurra). Los jardines de flores combinan plantas de diferentes alturas, colores, texturas y fragancias para crear inter\u00e9s y deleitar los sentidos, la actividad de cultivar y mantener<\/p>\n<p>[\/vc_column_text]<div id=\"sc_services_1503592130_wrap\" class=\"sc_services_wrap\"><div id=\"sc_services_1503592130\" class=\"sc_services sc_services_style_services-6 sc_services_type_images  margin_top_medium aligncenter\" style=\"width:100%;\"><div class=\"sc_columns columns_wrap\"><div class=\"column-1_3 column_padding_bottom\">\t\t\t<div id=\"sc_services_1503592130_1\"\t\t\t\tclass=\"sc_services_item sc_services_item_1 odd first\"\n\t\t\t\t>\n\t\t\t\t\t\t\t\t\t<div class=\"sc_services_item_featured post_featured\">\n\t\t\t\t\t\t\t<div class=\"post_thumb\" data-image=\"https:\/\/palmerasmarmenor.com\/wp-content\/uploads\/2016\/09\/jardin-con-olivo-evolucion.jpg\" data-title=\"Dise\u00f1o de jardines\">\n\t<a class=\"hover_icon hover_icon_link\" href=\"https:\/\/palmerasmarmenor.com\/index.php\/services\/design\/\"><img loading=\"lazy\" decoding=\"async\" class=\"wp-post-image\" width=\"370\" height=\"209\" alt=\"Dise\u00f1o de jardines\" src=\"https:\/\/palmerasmarmenor.com\/wp-content\/uploads\/2016\/09\/jardin-con-olivo-evolucion-370x209.jpg\"><\/a>\t<\/div>\n\t\t\t\t\t\t<\/div>\n\t\t\t\t\t                <div class=\"sc_services_item_content\">\n\t\t\t\t\t<h5 class=\"sc_services_item_title\">Dise\u00f1o de jardines<\/h5>\t\t\t\t<\/div>\n\n                <div class=\"sc_services_item_description\">\n                    <h5 class=\"sc_services_item_title\"><a href=\"https:\/\/palmerasmarmenor.com\/index.php\/services\/design\/\">Dise\u00f1o de jardines<\/a><\/h5><p>There is a wide range of features and accessories available in the market for both the professional gardener and the...<\/p><a href=\"https:\/\/palmerasmarmenor.com\/index.php\/services\/design\/\" class=\"sc_button sc_button_round sc_button_style_filled sc_button_size_small\">Read more<\/a>                <\/div>\n\n\t\t\t<\/div>\n\t\t<\/div><div class=\"column-1_3 column_padding_bottom\">\t\t\t<div id=\"sc_services_1503592130_2\"\t\t\t\tclass=\"sc_services_item sc_services_item_2 even\"\n\t\t\t\t>\n\t\t\t\t\t\t\t\t\t<div class=\"sc_services_item_featured post_featured\">\n\t\t\t\t\t\t\t<div class=\"post_thumb\" data-image=\"https:\/\/palmerasmarmenor.com\/wp-content\/uploads\/2023\/02\/sun-flare-tropical-date-palm-tree-scaled.jpg\" data-title=\"Poda de Palmeras\">\n\t<a class=\"hover_icon hover_icon_link\" href=\"https:\/\/palmerasmarmenor.com\/index.php\/services\/podapalmeras\/\"><img loading=\"lazy\" decoding=\"async\" class=\"wp-post-image\" width=\"370\" height=\"209\" alt=\"Poda de Palmeras\" src=\"https:\/\/palmerasmarmenor.com\/wp-content\/uploads\/2023\/02\/sun-flare-tropical-date-palm-tree-scaled-370x209.jpg\"><\/a>\t<\/div>\n\t\t\t\t\t\t<\/div>\n\t\t\t\t\t                <div class=\"sc_services_item_content\">\n\t\t\t\t\t<h5 class=\"sc_services_item_title\">Poda de Palmeras<\/h5>\t\t\t\t<\/div>\n\n                <div class=\"sc_services_item_description\">\n                    <h5 class=\"sc_services_item_title\"><a href=\"https:\/\/palmerasmarmenor.com\/index.php\/services\/podapalmeras\/\">Poda de Palmeras<\/a><\/h5><p>A garden typically is located on the land near a residence. It may also be located on a roof, in an atrium, on a...<\/p><a href=\"https:\/\/palmerasmarmenor.com\/index.php\/services\/podapalmeras\/\" class=\"sc_button sc_button_round sc_button_style_filled sc_button_size_small\">Read more<\/a>                <\/div>\n\n\t\t\t<\/div>\n\t\t<\/div><div class=\"column-1_3 column_padding_bottom\">\t\t\t<div id=\"sc_services_1503592130_3\"\t\t\t\tclass=\"sc_services_item sc_services_item_3 odd\"\n\t\t\t\t>\n\t\t\t\t\t\t\t\t\t<div class=\"sc_services_item_featured post_featured\">\n\t\t\t\t\t\t\t<div class=\"post_thumb\" data-image=\"https:\/\/palmerasmarmenor.com\/wp-content\/uploads\/2016\/09\/aspersores-1.jpg\" data-title=\"Instalacion sistemas de riego\">\n\t<a class=\"hover_icon hover_icon_link\" href=\"https:\/\/palmerasmarmenor.com\/index.php\/services\/irrigation\/\"><img loading=\"lazy\" decoding=\"async\" class=\"wp-post-image\" width=\"370\" height=\"209\" alt=\"Instalacion sistemas de riego\" src=\"https:\/\/palmerasmarmenor.com\/wp-content\/uploads\/2016\/09\/aspersores-1-370x209.jpg\"><\/a>\t<\/div>\n\t\t\t\t\t\t<\/div>\n\t\t\t\t\t                <div class=\"sc_services_item_content\">\n\t\t\t\t\t<h5 class=\"sc_services_item_title\">Instalacion sistemas de riego<\/h5>\t\t\t\t<\/div>\n\n                <div class=\"sc_services_item_description\">\n                    <h5 class=\"sc_services_item_title\"><a href=\"https:\/\/palmerasmarmenor.com\/index.php\/services\/irrigation\/\">Instalacion sistemas de riego<\/a><\/h5><p>Active participation in the growing of plants, and tends to be labor-intensive, which differentiates it from farming...<\/p><a href=\"https:\/\/palmerasmarmenor.com\/index.php\/services\/irrigation\/\" class=\"sc_button sc_button_round sc_button_style_filled sc_button_size_small\">Read more<\/a>                <\/div>\n\n\t\t\t<\/div>\n\t\t<\/div><div class=\"column-1_3 column_padding_bottom\">\t\t\t<div id=\"sc_services_1503592130_4\"\t\t\t\tclass=\"sc_services_item sc_services_item_4 even\"\n\t\t\t\t>\n\t\t\t\t\t\t\t\t\t<div class=\"sc_services_item_featured post_featured\">\n\t\t\t\t\t\t\t<div class=\"post_thumb\" data-image=\"https:\/\/palmerasmarmenor.com\/wp-content\/uploads\/2016\/09\/fcdae5_c60f1881f3d74d91a0fca5f1286b32dd_mv2.webp\" data-title=\"Tratamiento de plagas\">\n\t<a class=\"hover_icon hover_icon_link\" href=\"https:\/\/palmerasmarmenor.com\/index.php\/services\/tree-surgery\/\"><img loading=\"lazy\" decoding=\"async\" class=\"wp-post-image\" width=\"370\" height=\"209\" alt=\"Tratamiento de plagas\" src=\"https:\/\/palmerasmarmenor.com\/wp-content\/uploads\/2016\/09\/fcdae5_c60f1881f3d74d91a0fca5f1286b32dd_mv2-370x209.webp\"><\/a>\t<\/div>\n\t\t\t\t\t\t<\/div>\n\t\t\t\t\t                <div class=\"sc_services_item_content\">\n\t\t\t\t\t<h5 class=\"sc_services_item_title\">Tratamiento de plagas<\/h5>\t\t\t\t<\/div>\n\n                <div class=\"sc_services_item_description\">\n                    <h5 class=\"sc_services_item_title\"><a href=\"https:\/\/palmerasmarmenor.com\/index.php\/services\/tree-surgery\/\">Tratamiento de plagas<\/a><\/h5><p>It may be very specialized, with only one type of plant grown, or involve a large number of different plants in...<\/p><a href=\"https:\/\/palmerasmarmenor.com\/index.php\/services\/tree-surgery\/\" class=\"sc_button sc_button_round sc_button_style_filled sc_button_size_small\">Read more<\/a>                <\/div>\n\n\t\t\t<\/div>\n\t\t<\/div><div class=\"column-1_3 column_padding_bottom\">\t\t\t<div id=\"sc_services_1503592130_5\"\t\t\t\tclass=\"sc_services_item sc_services_item_5 odd\"\n\t\t\t\t>\n\t\t\t\t\t\t\t\t\t<div class=\"sc_services_item_featured post_featured\">\n\t\t\t\t\t\t\t<div class=\"post_thumb\" data-image=\"https:\/\/palmerasmarmenor.com\/wp-content\/uploads\/2016\/09\/cespedartifi.jpg\" data-title=\"Instalaci\u00f3n de c\u00e9sped artificial\">\n\t<a class=\"hover_icon hover_icon_link\" href=\"https:\/\/palmerasmarmenor.com\/index.php\/services\/cesped-artificial\/\"><img loading=\"lazy\" decoding=\"async\" class=\"wp-post-image\" width=\"370\" height=\"209\" alt=\"Instalaci\u00f3n de c\u00e9sped artificial\" src=\"https:\/\/palmerasmarmenor.com\/wp-content\/uploads\/2016\/09\/cespedartifi-370x209.jpg\"><\/a>\t<\/div>\n\t\t\t\t\t\t<\/div>\n\t\t\t\t\t                <div class=\"sc_services_item_content\">\n\t\t\t\t\t<h5 class=\"sc_services_item_title\">Instalaci\u00f3n de c\u00e9sped artificial<\/h5>\t\t\t\t<\/div>\n\n                <div class=\"sc_services_item_description\">\n                    <h5 class=\"sc_services_item_title\"><a href=\"https:\/\/palmerasmarmenor.com\/index.php\/services\/cesped-artificial\/\">Instalaci\u00f3n de c\u00e9sped artificial<\/a><\/h5><p>Gardening ranges from fruit orchards, to long boulevard plantings with one or more different types of shrubs, trees...<\/p><a href=\"https:\/\/palmerasmarmenor.com\/index.php\/services\/cesped-artificial\/\" class=\"sc_button sc_button_round sc_button_style_filled sc_button_size_small\">Read more<\/a>                <\/div>\n\n\t\t\t<\/div>\n\t\t<\/div><div class=\"column-1_3 column_padding_bottom\">\t\t\t<div id=\"sc_services_1503592130_6\"\t\t\t\tclass=\"sc_services_item sc_services_item_6 even\"\n\t\t\t\t>\n\t\t\t\t\t\t\t\t\t<div class=\"sc_services_item_featured post_featured\">\n\t\t\t\t\t\t\t<div class=\"post_thumb\" data-image=\"https:\/\/palmerasmarmenor.com\/wp-content\/uploads\/2016\/09\/Tala-Arboles-Controlada-METSA-777x388-1.jpg\" data-title=\"Tala de arboles\">\n\t<a class=\"hover_icon hover_icon_link\" href=\"https:\/\/palmerasmarmenor.com\/index.php\/services\/tala-arboles\/\"><img loading=\"lazy\" decoding=\"async\" class=\"wp-post-image\" width=\"370\" height=\"209\" alt=\"Tala de arboles\" src=\"https:\/\/palmerasmarmenor.com\/wp-content\/uploads\/2016\/09\/Tala-Arboles-Controlada-METSA-777x388-1-370x209.jpg\"><\/a>\t<\/div>\n\t\t\t\t\t\t<\/div>\n\t\t\t\t\t                <div class=\"sc_services_item_content\">\n\t\t\t\t\t<h5 class=\"sc_services_item_title\">Tala de arboles<\/h5>\t\t\t\t<\/div>\n\n                <div class=\"sc_services_item_description\">\n                    <h5 class=\"sc_services_item_title\"><a href=\"https:\/\/palmerasmarmenor.com\/index.php\/services\/tala-arboles\/\">Tala de arboles<\/a><\/h5><p>Gardening is the practice of growing and cultivating plants as part of horticulture. In gardens, ornamental plants...<\/p><a href=\"https:\/\/palmerasmarmenor.com\/index.php\/services\/tala-arboles\/\" class=\"sc_button sc_button_round sc_button_style_filled sc_button_size_small\">Read more<\/a>                <\/div>\n\n\t\t\t<\/div>\n\t\t<\/div><\/div><\/div><!-- \/.sc_services --><\/div><!-- \/.sc_services_wrap --><\/div><\/div><\/div>[\/vc_column][\/vc_row][vc_row][vc_column]<div id=\"sc_call_to_action_972539577\" class=\"sc_call_to_action sc_call_to_action_style_2 sc_call_to_action_align_center\" style=\" background-image:url(https:\/\/palmerasmarmenor.com\/wp-content\/uploads\/2016\/09\/bg_call_to_action.jpg); width:100%;\"><div class=\"sc_call_to_action_info\"><h2 class=\"sc_call_to_action_title sc_item_title sc_item_title_without_descr\">Pide presupuesto para tu nuevo proyecto de Jardiner\u00eda!<\/h2><div class=\"sc_call_to_action_descr sc_item_descr\">Precios competitivos, servicio de calidad que puedes solicitar de manera on-line!<\/div><\/div><div class=\"sc_call_to_action_buttons sc_item_buttons\"><div class=\"sc_call_to_action_button sc_item_button\"><a href=\"https:\/\/palmerasmarmenor.com\/index.php\/contact-us\/\" class=\"sc_button sc_button_round sc_button_style_filled sc_button_size_medium\">Empieza aqu\u00ed!<\/a><\/div><\/div><div class=\"drop-shadow\"><\/div><\/div>[\/vc_column][\/vc_row]<\/p>\n","protected":false},"excerpt":{"rendered":"<p>[vc_row][vc_column][\/vc_column][\/vc_row][vc_row][vc_column][\/vc_column][\/vc_row]<\/p>\n","protected":false},"author":1,"featured_media":0,"parent":0,"menu_order":0,"comment_status":"closed","ping_status":"closed","template":"","meta":{"footnotes":""},"class_list":["post-215","page","type-page","status-publish","hentry"],"_links":{"self":[{"href":"https:\/\/palmerasmarmenor.com\/index.php\/wp-json\/wp\/v2\/pages\/215","targetHints":{"allow":["GET"]}}],"collection":[{"href":"https:\/\/palmerasmarmenor.com\/index.php\/wp-json\/wp\/v2\/pages"}],"about":[{"href":"https:\/\/palmerasmarmenor.com\/index.php\/wp-json\/wp\/v2\/types\/page"}],"author":[{"embeddable":true,"href":"https:\/\/palmerasmarmenor.com\/index.php\/wp-json\/wp\/v2\/users\/1"}],"replies":[{"embeddable":true,"href":"https:\/\/palmerasmarmenor.com\/index.php\/wp-json\/wp\/v2\/comments?post=215"}],"version-history":[{"count":3,"href":"https:\/\/palmerasmarmenor.com\/index.php\/wp-json\/wp\/v2\/pages\/215\/revisions"}],"predecessor-version":[{"id":569,"href":"https:\/\/palmerasmarmenor.com\/index.php\/wp-json\/wp\/v2\/pages\/215\/revisions\/569"}],"wp:attachment":[{"href":"https:\/\/palmerasmarmenor.com\/index.php\/wp-json\/wp\/v2\/media?parent=215"}],"curies":[{"name":"wp","href":"https:\/\/api.w.org\/{rel}","templated":true}]}}