{"id":242,"date":"2016-09-20T10:41:12","date_gmt":"2016-09-20T10:41:12","guid":{"rendered":"http:\/\/palmerasmarmenor.com\/?page_id=242"},"modified":"2023-02-17T11:34:14","modified_gmt":"2023-02-17T11:34:14","slug":"about-style-2","status":"publish","type":"page","link":"https:\/\/palmerasmarmenor.com\/index.php\/about-style-2\/","title":{"rendered":"Nosotros"},"content":{"rendered":"<p>[vc_row][vc_column]<div class=\"sc_section margin_top_large margin_bottom_huge\"><div class=\"sc_section_inner\"><h2 class=\"sc_section_title sc_item_title sc_item_title_without_descr\">HOLA!<\/h2><h6 class=\"sc_section_subtitle sc_item_subtitle\">Quienes somos?<\/h6><div class=\"sc_section_content_wrap\">[vc_column_text]Somos una empresa familiar con m\u00e1s de 15 a\u00f1os de experiencia en el sector de poda\/ tala de palmeras y todo tipo de arboles, dise\u00f1o de jardines y asesoramiento.<br \/>\nTrabajamos por toda la Regi\u00f3n de Murcia (Desde Alicante a Almer\u00eda nos podemos trasladar y s\u00ed es un proyecto m\u00e1s lejano no dudes en preguntar podremos valorarlo. Contamos con las mejores herramientas para poder realizar nuestra actividad adem\u00e1s de ofrecer precios competitivos, no dudes en ponerte en contacto![\/vc_column_text]<div class=\"sc_section sc_section_block margin_top_medium margin_bottom_medium\"><div class=\"sc_section_inner\"><div class=\"sc_section_content_wrap\"><figure class=\"sc_image  alignleft sc_image_shape_round margin_top_small margin_bottom_small\" style=\"display: inline-block;width:195px;height:194px;\"><img decoding=\"async\" src=\"https:\/\/palmerasmarmenor.com\/wp-content\/uploads\/2016\/09\/IMG_2486-195x194.jpg\" alt=\"\" \/><\/figure><blockquote cite=\"\/shop\/\" class=\"sc_quote quote_about \"><p><\/p>\n<p class=\"p1\"><span class=\"s1\">Cuando no se realiza un mantenimiento y poda adecuadas, la palmera est\u00e1 fea, cuando est\u00e1n llenas de hojas secas, da sensaci\u00f3n de abandono, en cambio cuando est\u00e1n limpias y verdes son las reinas de los jardines, las calles, las playas y de todos los lugares donde est\u00e9n.<\/span><\/p>\n<p><\/p><p class=\"sc_quote_title\"><a href=\"\/shop\/\">Antonio D\u00edaz (Gerente)<\/a><\/p><\/blockquote><\/div><\/div><\/div>[vc_column_text]<\/p>\n<p class=\"p1\"><span class=\"s1\">Desde hace 4 a\u00f1os, realizamos el mantenimiento de todas las palmeras del prestigioso resort de golf La Roda Golf, durante la \u00e9poca de primavera realizamos el trimaje y la poda de m\u00e1s de 200 palmeras en el resort, adem\u00e1s trabajamos en domicilios privados, empresas de todo tipo que nos depositan su confianza y diferentes proyectos en los que nos aseguramos que tus arboles, palmeras y jardines est\u00e9n id\u00f3neos, si tienes alg\u00fan proyecto de jardiner\u00eda y crees que te podemos ayudar a realizarlo, no dudes en contactar<\/span><\/p>\n<p>[\/vc_column_text]<\/div><\/div><\/div>[\/vc_column][\/vc_row][vc_row full_width=\u00bbstretch_row\u00bb inverse=\u00bbyes\u00bb css=\u00bb.vc_custom_1676561665763{background-image: url(http:\/\/palmerasmarmenor.com\/wp-content\/uploads\/2023\/02\/low-angle-view-palm-trees-blue-sky-sunlight-during-daytime-scaled.jpg?id=616) !important;background-position: center !important;background-repeat: no-repeat !important;background-size: cover !important;}\u00bb][vc_column]<div id=\"sc_testimonials_1347303065\" class=\"sc_testimonials sc_testimonials_style_testimonials-1  margin_top_large margin_bottom_large aligncenter\" style=\"width:100%;\"><h2 class=\"sc_testimonials_title sc_item_title sc_item_title_without_descr\">Lo que dicen nuestros clientes<\/h2><h6 class=\"sc_testimonials_subtitle sc_item_subtitle\">testimonials<\/h6><div class=\"sc_slider_swiper swiper-slider-container sc_slider_nopagination sc_slider_controls sc_slider_controls_side\" data-interval=\"9026\" data-slides-min-width=\"250\"><div class=\"slides swiper-wrapper\"><div class=\"swiper-slide\" data-style=\"width:100%;\" style=\"width:100%;\">\t\t\t<div id=\"sc_testimonials_1347303065_1\" class=\"sc_testimonial_item\">\n\t\t\t\t<div class=\"sc_testimonial_content\"><p>He contratado a esta empresa para realizar la poda de 6 palmeras en La Manga del Mar Menor y no puedo estar m\u00e1s satisfecho! Servicio r\u00e1pido, Limpieza completa, los recomiendo 100%<\/p>\n<\/div>\n\t\t\t\t\t\t\t\t<div class=\"sc_testimonial_avatar\"><img loading=\"lazy\" decoding=\"async\" class=\"wp-post-image\" width=\"75\" height=\"75\" alt=\"Josh Rudin\" src=\"https:\/\/palmerasmarmenor.com\/wp-content\/uploads\/2016\/09\/IMG_6061-scaled-75x75.jpg\"><\/div>\n\t\t\t\t\t\t\t\t\t\t\t\t<div class=\"sc_testimonial_author\"><span class=\"sc_testimonial_author_name\">Josh Rudin<\/span><span class=\"sc_testimonial_author_position\">La Manga del Mar Menor <\/span><\/div>\n\t\t\t\t\t\t\t<\/div>\n\t\t<\/div><div class=\"swiper-slide\" data-style=\"width:100%;\" style=\"width:100%;\">\t\t\t<div id=\"sc_testimonials_1347303065_2\" class=\"sc_testimonial_item\">\n\t\t\t\t<div class=\"sc_testimonial_content\"><p>Muy contenta con esta empresa, me han instalado 30m2 de c\u00e9sped artificial en mi casa en Los Alc\u00e1zares y no ha podido quedar mejor! los recomiendo 100%<\/p>\n<\/div>\n\t\t\t\t\t\t\t\t<div class=\"sc_testimonial_avatar\"><img loading=\"lazy\" decoding=\"async\" class=\"wp-post-image\" width=\"75\" height=\"75\" alt=\"Amelia Ru\u00edz\" src=\"https:\/\/palmerasmarmenor.com\/wp-content\/uploads\/2016\/09\/IMG_4408-scaled-75x75.jpg\"><\/div>\n\t\t\t\t\t\t\t\t\t\t\t\t<div class=\"sc_testimonial_author\"><span class=\"sc_testimonial_author_name\">Amelia Ru\u00edz<\/span><span class=\"sc_testimonial_author_position\">Los Alc\u00e1zares<\/span><\/div>\n\t\t\t\t\t\t\t<\/div>\n\t\t<\/div><div class=\"swiper-slide\" data-style=\"width:100%;\" style=\"width:100%;\">\t\t\t<div id=\"sc_testimonials_1347303065_3\" class=\"sc_testimonial_item\">\n\t\t\t\t<div class=\"sc_testimonial_content\"><p>Mi jard\u00edn nunca ha estado en mejores condiciones que hoy. Gracias por el incre\u00edble trabajo que hicieron el otro d\u00eda. Mi esposa ama el jard\u00edn y realmente no podr\u00eda estar m\u00e1s feliz. Gracias de nuevo.<\/p>\n<\/div>\n\t\t\t\t\t\t\t\t<div class=\"sc_testimonial_avatar\"><img loading=\"lazy\" decoding=\"async\" class=\"wp-post-image\" width=\"75\" height=\"75\" alt=\"Carlos de la Rosa\" src=\"https:\/\/palmerasmarmenor.com\/wp-content\/uploads\/2016\/09\/IMG_2077-scaled-75x75.jpg\"><\/div>\n\t\t\t\t\t\t\t\t\t\t\t\t<div class=\"sc_testimonial_author\"><span class=\"sc_testimonial_author_name\">Carlos de la Rosa <\/span><span class=\"sc_testimonial_author_position\">El Carmol\u00ed , MU<\/span><\/div>\n\t\t\t\t\t\t\t<\/div>\n\t\t<\/div><\/div><div class=\"sc_slider_controls_wrap\"><a class=\"sc_slider_prev\" href=\"#\"><\/a><a class=\"sc_slider_next\" href=\"#\"><\/a><\/div><div class=\"sc_slider_pagination_wrap\"><\/div><\/div><\/div>[\/vc_column][\/vc_row][vc_row full_width=\u00bbstretch_row\u00bb][vc_column]<div class=\"sc_section margin_top_huge margin_bottom_huge\"><div class=\"sc_section_inner\"><h2 class=\"sc_section_title sc_item_title sc_item_title_without_descr\">Que ofrecemos?<\/h2><h6 class=\"sc_section_subtitle sc_item_subtitle\">nuestra propuesta<\/h6><div class=\"sc_section_content_wrap\"><div class=\"sc_promo sc_promo_size_large sc_promo_style_1\"><div class=\"sc_promo_inner\"><div class=\"sc_promo_image\" style=\"background-image:url(https:\/\/palmerasmarmenor.com\/wp-content\/uploads\/2016\/09\/IMG_8565-2-scaled.jpg);width:50%;left: 0;\"><div class=\"sc_promo_image_item\"><\/div><\/div><div class=\"sc_promo_block sc_align_left\" style=\"width: 50%; float: right;\"><div class=\"sc_promo_block_inner\"><h2 class=\"sc_promo_title sc_item_title sc_item_title_without_descr\">Una oferta personalizada para vuestro jard\u00edn<\/h2><div class=\"sc_promo_descr sc_item_descr\">Nuestro objetivo es proporcionar servicios de jardiner\u00eda exclusivos y creativos con un enfoque individual \u00fanico. Siente la diferencia con el programa de presupuesto personalizado de nuestra empresa.<\/div><div class=\"sc_promo_button sc_item_button\"><a href=\"\/contact-us\/\" class=\"sc_button sc_button_round sc_button_style_filled sc_button_size_small\">pide presupuesto!<\/a><\/div><\/div><\/div><\/div><\/div><\/div><\/div><\/div>[\/vc_column][\/vc_row][vc_row full_width=\u00bbstretch_row\u00bb css=\u00bb.vc_custom_1676633625900{background-image: url(http:\/\/palmerasmarmenor.com\/wp-content\/uploads\/2023\/02\/paper-background-scaled.jpg?id=639) !important;}\u00bb][vc_column]<div id=\"sc_team_1148725876_wrap\" class=\"sc_team_wrap\"><div id=\"sc_team_1148725876\" class=\"sc_team sc_team_style_team-3  margin_top_large margin_bottom_large aligncenter\" style=\"width:100%;\"><h2 class=\"sc_team_title sc_item_title sc_item_title_without_descr\">Nuestro Equipo<\/h2><h6 class=\"sc_team_subtitle sc_item_subtitle\">team<\/h6><div class=\"sc_columns columns_wrap\"><div class=\"column-1_4 column_padding_bottom\">\t\t\t<div id=\"sc_team_1148725876_1\"\t\t\t\tclass=\"sc_team_item sc_team_item_1 odd first\"\n\t\t\t\t>\n\t\t\t\t<div class=\"sc_team_item_avatar\"><img loading=\"lazy\" decoding=\"async\" class=\"wp-post-image\" width=\"370\" height=\"370\" alt=\"Jose R\u00e1mon Mart\u00ednez Ib\u00e1\u00f1ez\" src=\"https:\/\/palmerasmarmenor.com\/wp-content\/uploads\/2016\/09\/Captura-de-pantalla-2025-08-21-a-las-14.08.13-370x370.png\">\t\t\t\t\t<div class=\"sc_team_item_hover\">\n\t\t\t\t\t\t<div class=\"sc_team_item_socials\"><div class=\"sc_socials sc_socials_type_icons sc_socials_shape_round sc_socials_size_tiny\"><div class=\"sc_socials_item\"><a href=\"https:\/\/business.facebook.com\" target=\"_blank\" class=\"social_icons social_facebook\"><span class=\"icon-facebook\"><\/span><\/a><\/div><div class=\"sc_socials_item\"><a href=\"https:\/\/www.instagram.com\/palmerasdiaz\/\" target=\"_blank\" class=\"social_icons social_instagramm\"><span class=\"icon-instagramm\"><\/span><\/a><\/div><div class=\"sc_socials_item\"><a href=\"https:\/\/wa.me\/611342331\" target=\"_blank\" class=\"social_icons social_phone\"><span class=\"icon-phone\"><\/span><\/a><\/div><\/div><\/div>\n\t\t\t\t\t<\/div>\n\t\t\t\t<\/div>\n\t\t\t\t<div class=\"sc_team_item_info\">\n\t\t\t\t\t<h5 class=\"sc_team_item_title\"><a href=\"https:\/\/palmerasmarmenor.com\/index.php\/team\/antonio-diaz\/\">Jose R\u00e1mon Mart\u00ednez Ib\u00e1\u00f1ez<\/a><\/h5>\n\t\t\t\t\t<div class=\"sc_team_item_position\">Palmerista & Jardinero<\/div>\n\t\t\t\t<\/div>\n\t\t\t<\/div>\n\t\t<\/div><\/div><\/div><!-- \/.sc_team --><\/div><!-- \/.sc_team_wrap -->[\/vc_column][\/vc_row][vc_row css=\u00bb.vc_custom_1474988047020{padding-top: 4.5rem !important;padding-bottom: 4.2rem !important;}\u00bb][vc_column]<div id=\"sc_clients_1351331746_wrap\" class=\"sc_clients_wrap\"><div id=\"sc_clients_1351331746\" class=\"sc_clients sc_clients_style_clients-1 \" style=\"width:100%;\"><div class=\"sc_slider_swiper swiper-slider-container sc_slider_nopagination sc_slider_nocontrols\" data-interval=\"6155\" data-slides-per-view=\"6\" data-slides-min-width=\"100\"><div class=\"slides swiper-wrapper\"><div class=\"swiper-slide\" data-style=\"width:100%;\" style=\"width:100%;\">\t\t\t<div id=\"sc_clients_1351331746_1\" class=\"sc_clients_item sc_clients_item_1 odd first\">\n\t\t\t\t\t\t\t\t<div class=\"sc_client_image\"><img decoding=\"async\" class=\"wp-post-image\" alt=\"Spinosa Center\" src=\"https:\/\/palmerasmarmenor.com\/wp-content\/uploads\/2016\/09\/spinosa-e1676562838788.png\"><\/div>\n\t\t\t\t\t\t\t<\/div>\n\t\t<\/div><div class=\"swiper-slide\" data-style=\"width:100%;\" style=\"width:100%;\">\t\t\t<div id=\"sc_clients_1351331746_2\" class=\"sc_clients_item sc_clients_item_2 even\">\n\t\t\t\t\t\t\t\t<div class=\"sc_client_image\"><img decoding=\"async\" class=\"wp-post-image\" alt=\"Roda Golf Resort\" src=\"https:\/\/palmerasmarmenor.com\/wp-content\/uploads\/2016\/09\/Logo-RODA-tamano-web.png\"><\/div>\n\t\t\t\t\t\t\t<\/div>\n\t\t<\/div><div class=\"swiper-slide\" data-style=\"width:100%;\" style=\"width:100%;\">\t\t\t<div id=\"sc_clients_1351331746_3\" class=\"sc_clients_item sc_clients_item_3 odd\">\n\t\t\t\t\t\t\t\t<div class=\"sc_client_image\"><img decoding=\"async\" class=\"wp-post-image\" alt=\"Inmohabitat real estate\" src=\"https:\/\/palmerasmarmenor.com\/wp-content\/uploads\/2016\/09\/inmologohorizon.png\"><\/div>\n\t\t\t\t\t\t\t<\/div>\n\t\t<\/div><div class=\"swiper-slide\" data-style=\"width:100%;\" style=\"width:100%;\">\t\t\t<div id=\"sc_clients_1351331746_4\" class=\"sc_clients_item sc_clients_item_4 even\">\n\t\t\t\t\t\t\t\t<div class=\"sc_client_image\"><img decoding=\"async\" class=\"wp-post-image\" alt=\"Petervan camper\" src=\"https:\/\/palmerasmarmenor.com\/wp-content\/uploads\/2016\/09\/cropped-petervans-logo-slide1-e1676562991390.png\"><\/div>\n\t\t\t\t\t\t\t<\/div>\n\t\t<\/div><div class=\"swiper-slide\" data-style=\"width:100%;\" style=\"width:100%;\">\t\t\t<div id=\"sc_clients_1351331746_5\" class=\"sc_clients_item sc_clients_item_5 odd\">\n\t\t\t\t\t\t\t\t<div class=\"sc_client_image\"><img decoding=\"async\" class=\"wp-post-image\" alt=\"Client 2\" src=\"https:\/\/palmerasmarmenor.com\/wp-content\/uploads\/2016\/09\/example_logo_5_x2.png\"><\/div>\n\t\t\t\t\t\t\t<\/div>\n\t\t<\/div><div class=\"swiper-slide\" data-style=\"width:100%;\" style=\"width:100%;\">\t\t\t<div id=\"sc_clients_1351331746_6\" class=\"sc_clients_item sc_clients_item_6 even\">\n\t\t\t\t\t\t\t\t<div class=\"sc_client_image\"><img decoding=\"async\" class=\"wp-post-image\" alt=\"Client 1\" src=\"https:\/\/palmerasmarmenor.com\/wp-content\/uploads\/2016\/09\/example_logo_6_x2.png\"><\/div>\n\t\t\t\t\t\t\t<\/div>\n\t\t<\/div><\/div><div class=\"sc_slider_controls_wrap\"><a class=\"sc_slider_prev\" href=\"#\"><\/a><a class=\"sc_slider_next\" href=\"#\"><\/a><\/div><div class=\"sc_slider_pagination_wrap\"><\/div><\/div><\/div><!-- \/.sc_clients --><\/div><!-- \/.sc_clients_wrap -->[\/vc_column][\/vc_row]<\/p>\n","protected":false},"excerpt":{"rendered":"<p>[vc_row][vc_column][\/vc_column][\/vc_row][vc_row full_width=\u00bbstretch_row\u00bb inverse=\u00bbyes\u00bb css=\u00bb.vc_custom_1676561665763{background-image: url(http:\/\/palmerasmarmenor.com\/wp-content\/uploads\/2023\/02\/low-angle-view-palm-trees-blue-sky-sunlight-during-daytime-scaled.jpg?id=616) !important;background-position: center !important;background-repeat: no-repeat !important;background-size: cover !important;}\u00bb][vc_column][\/vc_column][\/vc_row][vc_row full_width=\u00bbstretch_row\u00bb][vc_column][\/vc_column][\/vc_row][vc_row full_width=\u00bbstretch_row\u00bb css=\u00bb.vc_custom_1676633625900{background-image: url(http:\/\/palmerasmarmenor.com\/wp-content\/uploads\/2023\/02\/paper-background-scaled.jpg?id=639) !important;}\u00bb][vc_column][\/vc_column][\/vc_row][vc_row css=\u00bb.vc_custom_1474988047020{padding-top: 4.5rem !important;padding-bottom: 4.2rem !important;}\u00bb][vc_column][\/vc_column][\/vc_row]<\/p>\n","protected":false},"author":1,"featured_media":0,"parent":0,"menu_order":0,"comment_status":"closed","ping_status":"closed","template":"","meta":{"footnotes":""},"class_list":["post-242","page","type-page","status-publish","hentry"],"_links":{"self":[{"href":"https:\/\/palmerasmarmenor.com\/index.php\/wp-json\/wp\/v2\/pages\/242","targetHints":{"allow":["GET"]}}],"collection":[{"href":"https:\/\/palmerasmarmenor.com\/index.php\/wp-json\/wp\/v2\/pages"}],"about":[{"href":"https:\/\/palmerasmarmenor.com\/index.php\/wp-json\/wp\/v2\/types\/page"}],"author":[{"embeddable":true,"href":"https:\/\/palmerasmarmenor.com\/index.php\/wp-json\/wp\/v2\/users\/1"}],"replies":[{"embeddable":true,"href":"https:\/\/palmerasmarmenor.com\/index.php\/wp-json\/wp\/v2\/comments?post=242"}],"version-history":[{"count":10,"href":"https:\/\/palmerasmarmenor.com\/index.php\/wp-json\/wp\/v2\/pages\/242\/revisions"}],"predecessor-version":[{"id":641,"href":"https:\/\/palmerasmarmenor.com\/index.php\/wp-json\/wp\/v2\/pages\/242\/revisions\/641"}],"wp:attachment":[{"href":"https:\/\/palmerasmarmenor.com\/index.php\/wp-json\/wp\/v2\/media?parent=242"}],"curies":[{"name":"wp","href":"https:\/\/api.w.org\/{rel}","templated":true}]}}